{"id":48,"date":"2026-03-09T18:16:11","date_gmt":"2026-03-09T18:16:11","guid":{"rendered":"https:\/\/zenitex.wasmer.app\/?page_id=48"},"modified":"2026-03-09T18:21:34","modified_gmt":"2026-03-09T18:21:34","slug":"maintenance-page","status":"publish","type":"page","link":"https:\/\/www.zenitex.eu\/","title":{"rendered":"Maintenance Page"},"content":{"rendered":"\n<div id=\"wp-block-themeisle-blocks-advanced-columns-38fdf81c\" class=\"wp-block-themeisle-blocks-advanced-columns alignfull has-2-columns has-desktop-equal-layout has-tablet-collapsedRows-layout has-mobile-collapsedRows-layout has-vertical-center has-dark-bg\"><div class=\"wp-block-themeisle-blocks-advanced-columns-overlay\"><\/div><div class=\"innerblocks-wrap\">\n<div id=\"wp-block-themeisle-blocks-advanced-column-0a1b5b8c\" class=\"wp-block-themeisle-blocks-advanced-column\">\n<figure class=\"wp-block-image size-full is-resized animated jackInTheBox slow is-style-default wp-duotone-unset-1\"><img decoding=\"async\" src=\"https:\/\/demosites.io\/otter\/wp-content\/uploads\/sites\/664\/2022\/09\/placeholder-img-21-1.png\" alt=\"\" class=\"wp-image-388\" style=\"width:522px;height:360px\"\/><\/figure>\n<\/div>\n\n\n\n<div id=\"wp-block-themeisle-blocks-advanced-column-efa311e1\" class=\"wp-block-themeisle-blocks-advanced-column\">\n<h1 id=\"wp-block-themeisle-blocks-advanced-heading-341a26ad\" class=\"wp-block-themeisle-blocks-advanced-heading wp-block-themeisle-blocks-advanced-heading-341a26ad animated fadeInUp slow\">Karbantart\u00e1s alatt&#8230;<\/h1>\n\n\n\n<h2 id=\"wp-block-themeisle-blocks-advanced-heading-ba3a930f\" class=\"wp-block-themeisle-blocks-advanced-heading wp-block-themeisle-blocks-advanced-heading-ba3a930f animated fadeInUp slow\">Ne agg\u00f3dj, hamarosan \u00e9rkez\u00fcnk!<\/h2>\n\n\n\n<ul class=\"wp-block-social-links has-large-icon-size has-icon-color has-icon-background-color is-style-default animated fadeInUp slow is-layout-flex wp-block-social-links-is-layout-flex\"><li style=\"color:#000000;background-color:#7cf718;\" class=\"wp-social-link wp-social-link-facebook has-black-color animated fadeInUp wp-block-social-link\"><a href=\"#\" class=\"wp-block-social-link-anchor\"><svg width=\"24\" height=\"24\" viewBox=\"0 0 24 24\" version=\"1.1\" xmlns=\"http:\/\/www.w3.org\/2000\/svg\" aria-hidden=\"true\" focusable=\"false\"><path d=\"M12 2C6.5 2 2 6.5 2 12c0 5 3.7 9.1 8.4 9.9v-7H7.9V12h2.5V9.8c0-2.5 1.5-3.9 3.8-3.9 1.1 0 2.2.2 2.2.2v2.5h-1.3c-1.2 0-1.6.8-1.6 1.6V12h2.8l-.4 2.9h-2.3v7C18.3 21.1 22 17 22 12c0-5.5-4.5-10-10-10z\"><\/path><\/svg><span class=\"wp-block-social-link-label screen-reader-text\">Facebook<\/span><\/a><\/li><\/ul>\n<\/div>\n<\/div><\/div>\n","protected":false},"excerpt":{"rendered":"","protected":false},"author":1,"featured_media":0,"parent":0,"menu_order":0,"comment_status":"closed","ping_status":"closed","template":"templates\/wpmm-page-template.php","meta":{"_themeisle_gutenberg_block_has_review":false,"footnotes":""},"class_list":["post-48","page","type-page","status-publish","hentry"],"yoast_head":"<!-- This site is optimized with the Yoast SEO plugin v27.1.1 - https:\/\/yoast.com\/product\/yoast-seo-wordpress\/ -->\n<title>Maintenance Page - Zenitex Design<\/title>\n<meta name=\"robots\" content=\"index, follow, max-snippet:-1, max-image-preview:large, max-video-preview:-1\" \/>\n<link rel=\"canonical\" href=\"https:\/\/zenitex.wasmer.app\/?page_id=48\" \/>\n<meta property=\"og:locale\" content=\"en_US\" \/>\n<meta property=\"og:type\" content=\"article\" \/>\n<meta property=\"og:title\" content=\"Maintenance Page - Zenitex Design\" \/>\n<meta property=\"og:url\" content=\"https:\/\/zenitex.wasmer.app\/?page_id=48\" \/>\n<meta property=\"og:site_name\" content=\"Zenitex Design\" \/>\n<meta property=\"article:modified_time\" content=\"2026-03-09T18:21:34+00:00\" \/>\n<meta name=\"twitter:card\" content=\"summary_large_image\" \/>\n<script type=\"application\/ld+json\" class=\"yoast-schema-graph\">{\"@context\":\"https:\/\/schema.org\",\"@graph\":[{\"@type\":\"WebPage\",\"@id\":\"https:\/\/zenitex.wasmer.app\/?page_id=48\",\"url\":\"https:\/\/zenitex.wasmer.app\/?page_id=48\",\"name\":\"Maintenance Page - Zenitex Design\",\"isPartOf\":{\"@id\":\"https:\/\/zenitex.wasmer.app\/#website\"},\"primaryImageOfPage\":{\"@id\":\"https:\/\/zenitex.wasmer.app\/?page_id=48#primaryimage\"},\"image\":{\"@id\":\"https:\/\/zenitex.wasmer.app\/?page_id=48#primaryimage\"},\"thumbnailUrl\":\"https:\/\/demosites.io\/otter\/wp-content\/uploads\/sites\/664\/2022\/09\/placeholder-img-21-1.png\",\"datePublished\":\"2026-03-09T18:16:11+00:00\",\"dateModified\":\"2026-03-09T18:21:34+00:00\",\"breadcrumb\":{\"@id\":\"https:\/\/zenitex.wasmer.app\/?page_id=48#breadcrumb\"},\"inLanguage\":\"en-US\",\"potentialAction\":[{\"@type\":\"ReadAction\",\"target\":[\"https:\/\/zenitex.wasmer.app\/?page_id=48\"]}]},{\"@type\":\"ImageObject\",\"inLanguage\":\"en-US\",\"@id\":\"https:\/\/zenitex.wasmer.app\/?page_id=48#primaryimage\",\"url\":\"https:\/\/demosites.io\/otter\/wp-content\/uploads\/sites\/664\/2022\/09\/placeholder-img-21-1.png\",\"contentUrl\":\"https:\/\/demosites.io\/otter\/wp-content\/uploads\/sites\/664\/2022\/09\/placeholder-img-21-1.png\"},{\"@type\":\"BreadcrumbList\",\"@id\":\"https:\/\/zenitex.wasmer.app\/?page_id=48#breadcrumb\",\"itemListElement\":[{\"@type\":\"ListItem\",\"position\":1,\"name\":\"Home\",\"item\":\"https:\/\/zenitex.wasmer.app\/?page_id=48\"},{\"@type\":\"ListItem\",\"position\":2,\"name\":\"Maintenance Page\"}]},{\"@type\":\"WebSite\",\"@id\":\"https:\/\/zenitex.wasmer.app\/#website\",\"url\":\"https:\/\/zenitex.wasmer.app\/\",\"name\":\"Zenitex Design\",\"description\":\"\",\"publisher\":{\"@id\":\"https:\/\/zenitex.wasmer.app\/#organization\"},\"potentialAction\":[{\"@type\":\"SearchAction\",\"target\":{\"@type\":\"EntryPoint\",\"urlTemplate\":\"https:\/\/zenitex.wasmer.app\/?s={search_term_string}\"},\"query-input\":{\"@type\":\"PropertyValueSpecification\",\"valueRequired\":true,\"valueName\":\"search_term_string\"}}],\"inLanguage\":\"en-US\"},{\"@type\":\"Organization\",\"@id\":\"https:\/\/zenitex.wasmer.app\/#organization\",\"name\":\"Zenitex Design\",\"url\":\"https:\/\/zenitex.wasmer.app\/\",\"logo\":{\"@type\":\"ImageObject\",\"inLanguage\":\"en-US\",\"@id\":\"https:\/\/zenitex.wasmer.app\/#\/schema\/logo\/image\/\",\"url\":\"https:\/\/www.zenitex.eu\/wp-content\/uploads\/2026\/03\/zenitex.jpg\",\"contentUrl\":\"https:\/\/www.zenitex.eu\/wp-content\/uploads\/2026\/03\/zenitex.jpg\",\"width\":2048,\"height\":2048,\"caption\":\"Zenitex Design\"},\"image\":{\"@id\":\"https:\/\/zenitex.wasmer.app\/#\/schema\/logo\/image\/\"}}]}<\/script>\n<!-- \/ Yoast SEO plugin. -->","yoast_head_json":{"title":"Maintenance Page - Zenitex Design","robots":{"index":"index","follow":"follow","max-snippet":"max-snippet:-1","max-image-preview":"max-image-preview:large","max-video-preview":"max-video-preview:-1"},"canonical":"https:\/\/zenitex.wasmer.app\/?page_id=48","og_locale":"en_US","og_type":"article","og_title":"Maintenance Page - Zenitex Design","og_url":"https:\/\/zenitex.wasmer.app\/?page_id=48","og_site_name":"Zenitex Design","article_modified_time":"2026-03-09T18:21:34+00:00","twitter_card":"summary_large_image","schema":{"@context":"https:\/\/schema.org","@graph":[{"@type":"WebPage","@id":"https:\/\/zenitex.wasmer.app\/?page_id=48","url":"https:\/\/zenitex.wasmer.app\/?page_id=48","name":"Maintenance Page - Zenitex Design","isPartOf":{"@id":"https:\/\/zenitex.wasmer.app\/#website"},"primaryImageOfPage":{"@id":"https:\/\/zenitex.wasmer.app\/?page_id=48#primaryimage"},"image":{"@id":"https:\/\/zenitex.wasmer.app\/?page_id=48#primaryimage"},"thumbnailUrl":"https:\/\/demosites.io\/otter\/wp-content\/uploads\/sites\/664\/2022\/09\/placeholder-img-21-1.png","datePublished":"2026-03-09T18:16:11+00:00","dateModified":"2026-03-09T18:21:34+00:00","breadcrumb":{"@id":"https:\/\/zenitex.wasmer.app\/?page_id=48#breadcrumb"},"inLanguage":"en-US","potentialAction":[{"@type":"ReadAction","target":["https:\/\/zenitex.wasmer.app\/?page_id=48"]}]},{"@type":"ImageObject","inLanguage":"en-US","@id":"https:\/\/zenitex.wasmer.app\/?page_id=48#primaryimage","url":"https:\/\/demosites.io\/otter\/wp-content\/uploads\/sites\/664\/2022\/09\/placeholder-img-21-1.png","contentUrl":"https:\/\/demosites.io\/otter\/wp-content\/uploads\/sites\/664\/2022\/09\/placeholder-img-21-1.png"},{"@type":"BreadcrumbList","@id":"https:\/\/zenitex.wasmer.app\/?page_id=48#breadcrumb","itemListElement":[{"@type":"ListItem","position":1,"name":"Home","item":"https:\/\/zenitex.wasmer.app\/?page_id=48"},{"@type":"ListItem","position":2,"name":"Maintenance Page"}]},{"@type":"WebSite","@id":"https:\/\/zenitex.wasmer.app\/#website","url":"https:\/\/zenitex.wasmer.app\/","name":"Zenitex Design","description":"","publisher":{"@id":"https:\/\/zenitex.wasmer.app\/#organization"},"potentialAction":[{"@type":"SearchAction","target":{"@type":"EntryPoint","urlTemplate":"https:\/\/zenitex.wasmer.app\/?s={search_term_string}"},"query-input":{"@type":"PropertyValueSpecification","valueRequired":true,"valueName":"search_term_string"}}],"inLanguage":"en-US"},{"@type":"Organization","@id":"https:\/\/zenitex.wasmer.app\/#organization","name":"Zenitex Design","url":"https:\/\/zenitex.wasmer.app\/","logo":{"@type":"ImageObject","inLanguage":"en-US","@id":"https:\/\/zenitex.wasmer.app\/#\/schema\/logo\/image\/","url":"https:\/\/www.zenitex.eu\/wp-content\/uploads\/2026\/03\/zenitex.jpg","contentUrl":"https:\/\/www.zenitex.eu\/wp-content\/uploads\/2026\/03\/zenitex.jpg","width":2048,"height":2048,"caption":"Zenitex Design"},"image":{"@id":"https:\/\/zenitex.wasmer.app\/#\/schema\/logo\/image\/"}}]}},"_links":{"self":[{"href":"https:\/\/www.zenitex.eu\/index.php?rest_route=\/wp\/v2\/pages\/48","targetHints":{"allow":["GET"]}}],"collection":[{"href":"https:\/\/www.zenitex.eu\/index.php?rest_route=\/wp\/v2\/pages"}],"about":[{"href":"https:\/\/www.zenitex.eu\/index.php?rest_route=\/wp\/v2\/types\/page"}],"author":[{"embeddable":true,"href":"https:\/\/www.zenitex.eu\/index.php?rest_route=\/wp\/v2\/users\/1"}],"replies":[{"embeddable":true,"href":"https:\/\/www.zenitex.eu\/index.php?rest_route=%2Fwp%2Fv2%2Fcomments&post=48"}],"version-history":[{"count":0,"href":"https:\/\/www.zenitex.eu\/index.php?rest_route=\/wp\/v2\/pages\/48\/revisions"}],"wp:attachment":[{"href":"https:\/\/www.zenitex.eu\/index.php?rest_route=%2Fwp%2Fv2%2Fmedia&parent=48"}],"curies":[{"name":"wp","href":"https:\/\/api.w.org\/{rel}","templated":true}]}}